t are the prime factors of 1575083?
1575083
List the prime factors of 12162423.
3, 7, 13, 23, 149
List the prime factors of 438906.
2, 3, 13, 17, 331
List the prime factors of 1824753.
3, 7, 31, 2803
List the prime factors of 390356.
2, 23, 4243
List the prime factors of 4593757.
7, 17, 38603
List the prime factors of 1547588.
2, 7, 19, 2909
List the prime factors of 20949427.
2081, 10067
List the prime factors of 1064784.
2, 3, 7, 3169
List the prime factors of 3613114.
2, 1806557
List the prime factors of 632958.
2, 3, 31, 41, 83
What are the prime factors of 21612?
2, 3, 1801
List the prime factors of 4506009.
3, 61, 24623
List the prime factors of 225538.
2, 23, 4903
What are the prime factors of 8591696?
2, 23, 37, 631
What are the prime factors of 1504263?
3, 389, 1289
What are the prime factors of 261097?
191, 1367
What are the prime factors of 994445?
5, 59, 3371
List the prime factors of 592107.
3, 197369
What are the prime factors of 4749511?
13, 17, 21491
List the prime factors of 1442095.
5, 379, 761
List the prime factors of 3418166.
2, 227, 7529
List the prime factors of 858428.
2, 214607
What are the prime factors of 2267784?
2, 3, 10499
What are the prime factors of 3028399?
11, 275309
What are the prime factors of 945238?
2, 7, 107, 631
What are the prime factors of 435329?
229, 1901
What are the prime factors of 308948?
2, 77237
What are the prime factors of 359839?
17, 61, 347
What are the prime factors of 20562?
2, 3, 23, 149
List the prime factors of 94970.
2, 5, 9497
List the prime factors of 1432663.
41, 83, 421
What are the prime factors of 547102?
2, 273551
List the prime factors of 1507458.
2, 3, 17, 14779
What are the prime factors of 3506421?
3, 109, 10723
What are the prime factors of 12370456?
2, 7, 220901
List the prime factors of 2466669.
3, 822223
What are the prime factors of 9331813?
23, 405731
What are the prime factors of 1027350?
2, 3, 5, 761
What are the prime factors of 1674229?
107, 15647
What are the prime factors of 334220?
2, 5, 17, 983
What are the prime factors of 5280803?
11, 19, 2297
What are the prime factors of 244?
2, 61
List the prime factors of 1231433.
7, 175919
List the prime factors of 526065.
3, 5, 17, 2063
What are the prime factors of 3653109?
3, 405901
List the prime factors of 1435491.
3, 159499
What are the prime factors of 3983616?
2, 3, 7, 13, 19
What are the prime factors of 164287?
41, 4007
List the prime factors of 81116.
2, 7, 2897
List the prime factors of 638398.
2, 37, 8627
What are the prime factors of 1325640?
2, 3, 5, 11047
List the prime factors of 11346999.
3, 3782333
What are the prime factors of 140512?
2, 4391
List the prime factors of 73366.
2, 36683
List the prime factors of 3024660.
2, 3, 5, 50411
What are the prime factors of 320938?
2, 37, 4337
What are the prime factors of 557183?
11, 37
What are the prime factors of 129234?
2, 3, 7, 17, 181
What are the prime factors of 22406793?
3, 37, 337, 599
List the prime factors of 129053.
23, 31, 181
What are the prime factors of 1110412?
2, 277603
What are the prime factors of 2909651?
71, 107, 383
List the prime factors of 948980.
2, 5, 23, 2063
What are the prime factors of 642738?
2, 3, 107123
List the prime factors of 204439.
204439
List the prime factors of 1924699.
7, 274957
What are the prime factors of 5714287?
1051, 5437
List the prime factors of 12099539.
47, 257437
What are the prime factors of 491604?
2, 3, 71, 577
What are the prime factors of 213142?
2, 19, 71, 79
What are the prime factors of 127931?
127931
List the prime factors of 85685.
5, 17137
What are the prime factors of 1050468?
2, 3, 87539
What are the prime factors of 380376?
2, 3, 587
What are the prime factors of 576936?
2, 3, 2671
What are the prime factors of 1769931?
3, 21851
What are the prime factors of 8742515?
5, 1748503
List the prime factors of 854808.
2, 3, 35617
List the prime factors of 13142.
2, 6571
What are the prime factors of 5241532?
2, 1310383
List the prime factors of 21848591.
157, 317, 439
List the prime factors of 1361311.
7, 113, 1721
What are the prime factors of 448885?
5, 17, 5281
List the prime factors of 15467676.
2, 3, 7, 59, 3121
What are the prime factors of 3802795?
5, 491, 1549
What are the prime factors of 207250?
2, 5, 829
List the prime factors of 358111.
13, 163
List the prime factors of 429654.
2, 3, 101, 709
List the prime factors of 6634621.
7, 947803
List the prime factors of 58862.
2, 19, 1549
What are the prime factors of 12291113?
947, 12979
List the prime factors of 27306.
2, 3, 37, 41
What are the prime factors of 36758?
2, 18379
What are the prime factors of 3713039?
11, 227, 1487
What are the prime factors of 12381?
3, 4127
List the prime factors of 1255993.
1255993
What are the prime factors of 1651043?
19, 113, 769
What are the prime factors of 1218657?
3, 11, 36929
List the prime factors of 7185601.
43, 167107
List the prime factors of 8467032.
2, 3, 7, 101, 499
List the prime factors of 2681435.
5, 536287
List the prime factors of 50840.
2, 5, 31, 41
List the prime factors of 433458.
2, 3, 23, 349
List the prime factors of 509610.
2, 3, 5, 16987
List the prime factors of 2866662.
2, 3, 67, 2377
List the prime factors of 238294.
2, 7, 17021
List the prime factors of 8395052.
2, 2098763
What are the prime factors of 35164?
2, 59, 149
What are the prime factors of 1852292?
2, 13, 179, 199
List the prime factors of 717278.
2, 23, 31, 503
List the prime factors of 9362104.
2, 17, 23, 41, 73
What are the prime factors of 1436677?
11, 131, 997
What are the prime factors of 17720632?
2, 37, 131, 457
List the prime factors of 338821.
7, 97, 499
What are the prime factors of 812732?
2, 203183
What are the prime factors of 7828817?
19, 631, 653
What are the prime factors of 17084060?
2, 5, 7, 122029
List the prime factors of 9835180.
2, 5, 17, 28927
List the prime factors of 7491990.
2, 3, 5, 11, 73, 311
What are the prime factors of 5873312?
2, 29, 6329
List the prime factors of 9534179.
9534179
List the prime factors of 370262.
2, 185131
What are the prime factors of 11006436?
2, 3, 7, 283, 463
What are the prime factors of 350760?
2, 3, 5, 37, 79
List the prime factors of 191866.
2, 23, 43, 97
What are the prime factors of 29305016?
2, 13, 43, 6553
List the prime factors of 10257742.
2, 11, 466261
List the prime factors of 12707829.
3, 29, 181, 269
List the prime factors of 153767.
19, 8093
List the prime factors of 1023753.
3, 23, 37, 401
What are the prime factors of 9024826?
2, 503, 8971
What are the prime factors of 1400027?
41, 34147
What are the prime factors of 359418?
2, 3, 37, 1619
What are the prime factors of 1257340?
2, 5, 7, 1283
List the prime factors of 938393.
938393
What are the prime factors of 3405730?
2, 5, 340573
What are the prime factors of 2253157?
43, 61, 859
What are the prime factors of 2703667?
2703667
List the prime factors of 228711.
3, 7, 10891
What are the prime factors of 1426543?
1426543
List the prime factors of 38495667.
3, 7, 17, 6343
What are the prime factors of 2619156?
2, 3, 17, 37, 347
What are the prime factors of 454562?
2, 227281
What are the prime factors of 287276?
2, 11, 6529
List the prime factors of 30226624.
2, 233, 2027
What are the prime factors of 728834?
2, 364417
List the prime factors of 10693496.
2, 11, 11047
List the prime factors of 3138459.
3, 727, 1439
What are the prime factors of 1472050?
2, 5, 59, 499
What are the prime factors of 2290474?
2, 587, 1951
What are the prime factors of 384928?
2, 23, 523
List the prime factors of 847757.
23, 29, 31, 41
List the prime factors of 196613.
196613
What are the prime factors of 2855021?
13, 29, 7573
List the prime factors of 3192691.
103, 139, 223
What are the prime factors of 603913?
603913
What are the prime factors of 94866?
2, 3, 97, 163
What are the prime factors of 1249423?
7, 178489
List the prime factors of 1483961.
281, 5281
What are the prime factors of 2411046?
2, 3, 11, 41
What are the prime factors of 197869?
7, 23, 1229
What are the prime factors of 80365?
5, 16073
List the prime factors of 1041173.
7, 59, 2521
What are the prime factors of 8297226?
2, 3, 7, 65851
What are the prime factors of 2676717?
3, 23, 67, 193
List the prime factors of 240874.
2, 29, 4153
What are the